t is the greatest common divisor of 468 and 14426802?
234
Calculate the highest common divisor of 718184 and 41111.
839
What is the greatest common factor of 15559251 and 7587?
843
Calculate the highest common factor of 17658926 and 8728.
2182
What is the highest common divisor of 13349 and 7441?
7
What is the greatest common factor of 519 and 2313486?
3
What is the highest common factor of 1398 and 35523?
3
Calculate the highest common divisor of 114131 and 12541313.
1871
What is the greatest common factor of 176 and 86094844?
44
Calculate the highest common divisor of 25961403 and 26.
13
Calculate the highest common divisor of 12688507 and 65.
13
Calculate the highest common divisor of 1736 and 12042849.
217
What is the highest common divisor of 37098950 and 6?
2
Calculate the greatest common divisor of 11 and 158097280.
11
What is the greatest common factor of 216548576 and 64?
32
Calculate the greatest common divisor of 1558041 and 67363.
2173
Calculate the highest common factor of 27879896 and 704.
88
What is the highest common factor of 47235 and 301975?
235
What is the greatest common factor of 204 and 74807412?
204
What is the greatest common divisor of 168930 and 1800?
90
Calculate the greatest common divisor of 599330127 and 5907.
5907
Calculate the highest common divisor of 78 and 1735214.
26
Calculate the highest common divisor of 6345 and 123957.
27
Calculate the greatest common divisor of 334 and 489301650.
334
What is the highest common divisor of 296397120 and 6195?
885
Calculate the greatest common factor of 20779810 and 86560.
5410
Calculate the greatest common factor of 458956 and 7876.
716
Calculate the highest common factor of 1964848 and 1406.
74
Calculate the greatest common factor of 173671873 and 46.
23
Calculate the highest common factor of 1183712900 and 60.
20
Calculate the greatest common factor of 693 and 90600741.
693
What is the highest common factor of 881383 and 598?
23
Calculate the greatest common factor of 107392967 and 3124.
781
What is the highest common factor of 1590 and 31087362?
318
Calculate the highest common divisor of 114626290 and 60.
10
Calculate the highest common divisor of 46470412 and 348.
116
Calculate the greatest common factor of 30135 and 301637.
287
What is the greatest common divisor of 145126836 and 612?
36
What is the highest common factor of 192 and 2810268?
12
Calculate the highest common factor of 18759 and 155357982.
507
What is the highest common factor of 775 and 5363?
31
Calculate the highest common divisor of 38 and 102652.
2
What is the highest common factor of 2578485 and 3315?
195
What is the greatest common divisor of 480 and 5761680?
240
What is the greatest common divisor of 3882 and 2305647906?
3882
What is the highest common divisor of 2397685 and 70?
5
What is the highest common divisor of 15 and 28631340?
15
Calculate the highest common factor of 10890 and 43935408.
198
What is the highest common divisor of 70 and 5983840?
10
Calculate the greatest common factor of 8003 and 530371.
53
Calculate the greatest common factor of 1171200 and 27999.
183
Calculate the greatest common factor of 24 and 19676466.
6
Calculate the highest common divisor of 61194 and 1645987.
329
What is the highest common divisor of 63 and 450289?
7
Calculate the highest common factor of 374 and 66646613.
187
What is the highest common factor of 128 and 12180832?
32
Calculate the greatest common divisor of 56831 and 125936.
17
What is the greatest common divisor of 12 and 511053?
3
Calculate the highest common factor of 112160377 and 987.
329
Calculate the greatest common divisor of 22410465 and 9933.
231
What is the highest common divisor of 1010506171 and 251?
251
Calculate the greatest common divisor of 133293549 and 102.
51
What is the greatest common divisor of 36510 and 531378710?
12170
What is the highest common factor of 8874 and 4650498?
522
Calculate the greatest common divisor of 31878105 and 124545.
5415
What is the greatest common factor of 243 and 158544?
27
What is the greatest common divisor of 776460 and 2490?
30
What is the highest common divisor of 10945 and 88446545?
10945
What is the highest common factor of 30149675 and 775?
25
Calculate the highest common divisor of 3038 and 10588949.
1519
Calculate the greatest common factor of 503301 and 95631.
381
What is the highest common divisor of 1166382 and 29358?
126
Calculate the highest common factor of 21 and 1438380.
3
Calculate the greatest common factor of 513 and 6862050621.
513
Calculate the greatest common factor of 19871472 and 498.
6
Calculate the greatest common divisor of 2236552 and 50233.
263
What is the greatest common divisor of 1180062 and 214758?
2214
Calculate the highest common divisor of 47890 and 184390.
10
Calculate the highest common divisor of 57960 and 58536.
72
What is the highest common factor of 2532285 and 1953?
63
Calculate the highest common factor of 11310 and 21344.
58
What is the greatest common factor of 1579 and 5379653?
1579
What is the greatest common factor of 7341 and 750976959?
7341
What is the greatest common divisor of 1194116 and 17864?
308
Calculate the greatest common divisor of 33152 and 21733726.
518
What is the greatest common factor of 5795227 and 1070?
107
Calculate the greatest common divisor of 65 and 781391.
13
Calculate the greatest common factor of 21505590 and 60.
30
What is the highest common factor of 18377 and 104669?
799
What is the highest common divisor of 5904668 and 1386?
154
What is the highest common divisor of 5142335 and 440?
55
Calculate the highest common divisor of 1895454 and 54.
54
What is the highest common factor of 167 and 6140089?
167
What is the highest common divisor of 1203327489 and 829?
829
Calculate the highest common divisor of 55 and 347125185.
55
What is the greatest common factor of 1887 and 21624576?
111
Calculate the greatest common divisor of 51567713 and 116.
29
Calculate the greatest common divisor of 26 and 68282513.
13
What is the greatest common divisor of 2376704 and 44?
44
Calculate the greatest common divisor of 17805 and 247660428.
3561
Calculate the highest common factor of 102341840 and 48816.
1808
What is the greatest common factor of 1377 and 348813?
27
Calculate the highest common divisor of 3634157835 and 693.
693
What is the greatest common divisor of 1255 and 1179363660?
1255
Calculate the greatest common divisor of 148 and 34388466.
74
What is the greatest common divisor of 6941 and 586830?
631
Calculate the greatest common divisor of 3944421622 and 577.
577
Calculate the greatest common factor of 1713262 and 6322000.
6322
Calculate the greatest common factor of 16350714 and 666.
18
Calculate the greatest common divisor of 118 and 265034785.
59
What is the greatest common factor of 730027 and 588897?
1283
Calculate the highest common factor of 3235470 and 201390.
1470
Calculate the greatest common divisor of 1875 and 9573875.
125
Calculate the greatest common factor of 81 and 4812957.
9
Calculate the greatest common divisor of 211072 and 27338771.
1649
Calculate the greatest common factor of 308 and 5282354.
154
What is the highest common factor of 805 and 4334281?
161
Calculate the greatest common factor of 6562 and 6369.
193
What is the greatest common factor of 309 and 21085645?
103
What is the greatest common factor of 46899 and 44365875?
579
Calculate the greatest common factor of 7250 and 831850.
50
Calculate the highest common divisor of 2235 and 770181.
447
Calculate the highest common factor of 30584112 and 2576.
368
Calculate the greatest common divisor of 568 and 14944577.
71
What is the highest common factor of 22 and 1584986722?
22
What is the highest common factor of 592 and 154763822?
74
What is the highest common factor of 3183392 and 15264?
1696
Calculate the greatest common factor of 811 and 36184387.
811
What is the greatest common divisor of 111533323 and 394?
197
Calculate the highest common divisor of 109327644 and 36990.
7398
Calculate the greatest common divisor of 23 and 29449.
1
Calculate the highest common divisor of 221 and 23818513.
17
Calculate the greatest common factor of 15475736 and 4.
4
What is the greatest common factor of 9652524 and 10248?
84
What is the greatest common factor o